{"id":3492,"date":"2016-01-22T18:07:35","date_gmt":"2016-01-22T17:07:35","guid":{"rendered":"http:\/\/dev.weluga.de\/?page_id=3492"},"modified":"2016-01-22T18:07:35","modified_gmt":"2016-01-22T17:07:35","slug":"ffh-vertraeglichkeitsuntersuchungen-vorpruefungen","status":"publish","type":"page","link":"https:\/\/www.weluga.de\/index.php\/ffh-vertraeglichkeitsuntersuchungen-vorpruefungen","title":{"rendered":"FFH-Ver&shy;tr\u00e4g&shy;lich&shy;keits&shy;unter&shy;suchun&shy;gen, &#8211; Vor&shy;pr\u00fc&shy;fungen"},"content":{"rendered":"<div class=\"flex_column av_two_third  flex_column_div av-zero-column-padding first  \" style='border-radius:0px; '><p><div style='padding-bottom:10px;' class='av-special-heading av-special-heading-h1    '><h1 class='av-special-heading-tag'  itemprop=\"headline\"  >FFH-Ver\u00adtr\u00e4g\u00adlich\u00adkeits\u00adunter\u00adsuchun\u00adgen, &#8211; Vor\u00adpr\u00fc\u00adfungen (Auszug)<\/h1><div class='special-heading-border'><div class='special-heading-inner-border' ><\/div><\/div><\/div><br \/>\n<div style='height:50px' class='hr hr-invisible  '><span class='hr-inner ' ><span class='hr-inner-style'><\/span><\/span><\/div><br \/>\n<section class=\"av_textblock_section\"  itemscope=\"itemscope\" itemtype=\"https:\/\/schema.org\/CreativeWork\" ><div class='avia_textblock '   itemprop=\"text\" ><ul>\n<li>Fl\u00e4chennutzungsplan 2025. Castelnau II. FFH-Vertr\u00e4glichkeitsuntersuchung f\u00fcr das FFH-Gebiet DE-6205-303 &#8222;Mattheiser Wald&#8220;. EGP GmbH, Trier in 2014<\/li>\n<li>Vorpr\u00fcfung der Vertr\u00e4glichkeit f\u00fcr das FFH-Gebiet DE-4709-301 &#8222;Wupper \u00f6stlich Wuppertal&#8220; im Zuge der Planung &#8222;L 81 &#8211; Ersatzneubau Wupperbr\u00fccke Dahlhausen in Radevormwald-Dahlhausen&#8220;, Landesbetrieb Stra\u00dfenbau NRW, Regionalnieder-lassung Rhein-Berg 2013\/2014<\/li>\n<li>Fl\u00e4chennutzungsplan und Vertr\u00e4glichkeitsuntersuchung bez\u00fcglich der BWP Saar Natura 2000, SDG Nord, Koblenz, 2013<\/li>\n<li>Projekt Erlebnis Neandertal &#8211; Vertr\u00e4glichkeitsuntersuchung nach \u00a7 34 BNatSchG zur dem Gebiet von Gemeinschaftlicher Bedeutung (Sites of Community Im-portance (SCI)) &#8222;Neandertal&#8220; (DE-4704-302), Kreis Mettmann, 2012<\/li>\n<li>\u00dcberpr\u00fcfung ausgew\u00e4hlter Lebensraumtypen mit dem Erhaltungszustand C in den FFH-Gebieten DE-4209-302 &#8222;Lippeaue&#8220;, DE-4314-302 &#8222;Teilabschnitte Lippe- Unna, Hamm, Soest, Warendorf&#8220; und DE-4311-301 &#8222;In den K\u00e4mpen, Im Mersche und Langerner Hufeisen&#8220; im Raum L\u00fcnen, Deutsche Projekt Union GmbH, Bochum, 2010<\/li>\n<li>FFH-Vorpr\u00fcfung f\u00fcr die FFH-Gebiete &#8222;Greifswalder Bodden, Teile des Strelasundes und Nordspitze Usedom&#8220;, &#8222;Peeneunterlauf, Peenestrom, Achterwasser und Kleines Haff&#8220; und die EU-Vogelschutzgebiete &#8222;Peenestrom und Achterwasser&#8220; sowie &#8222;Greifswalder Bodden und s\u00fcdlicher Strelasund&#8220; im Rahmen der Planungen zur Schaffung eines Kompensationsfl\u00e4chenpools \/ Deichr\u00fcckverlegung am C\u00e4mmerer See zwischen Peenem\u00fcnde und Karlshagen auf der Insel Usedom, Froelich &amp; Sporbeck NL Potsdam in 2008\/2009<\/li>\n<li>\u00dcberarbeitung des Gutachtens &#8222;Beurteilung von Auswirkungen der geplanten B 50n auf Vorkommen der Dicken Trespe (Bromus grossus) bei Platten&#8220; zu einer FFH-Vertr\u00e4glichkeitsstudie zur geplanten B 50n, Froelich &amp; Sporbeck i.A. von Landesbetrieb Stra\u00dfen und Verkehr Trier<\/li>\n<li>Vertr\u00e4glichkeitspr\u00fcfung nach \u00a7 34 BNatSchG zu dem Gebiet von Gemeinschaftlicher Bedeutung &#8222;Heisinger Ruhraue&#8220;, Neubau der A 535 (Ruhralleetunnel) in Essen, Froelich &amp; Sporbeck i.A. von Stra\u00dfen NRW, Niederlassung Essen 2006\/2007\/2010<\/li>\n<li>FFH-Vorpr\u00fcfung f\u00fcr das FFH-Gebiet &#8222;Dornicksche Ward&#8220; und das EG-Vogelschutzgebiet &#8222;Unterer Niederrhein&#8220; im Rahmen der Errichtung einer Schlammfaulungsanlage sowie einer anaeroben Abwasservorbehandlungsanlage mit Biogas-Blockheizkraftwerk, Technische Werke Emmerich am Rhein GmbH in 2005<\/li>\n<li>\u00dcberarbeitung der FFH-Vertr\u00e4glichkeitsuntersuchung zum Bau der B 50n f\u00fcr die Natura 2000-Gebiete EU-Vogelschutzgebiet &#8222;W\u00e4lder zwischen Wittlich und Cochem&#8220;, FFH-Gebiet &#8222;Kautenbachtal&#8220; und FFH-Gebiet &#8222;Tiefenbachtal&#8220;, Froelich &amp; Sporbeck, Bochum in 2005<\/li>\n<li>Ausbau Flughafen Frankfurt Main, FFH-Vertr\u00e4glichkeitsstudien nach \u00a7 20 HENatG, ARGE Baader Konzept GmbH &#8211; Bosch &amp; Partner GmbH i.A. der FRAPORT AG, Frankfurt in 2003<\/li>\n<li>Erstellung von FFH-Vertr\u00e4glichkeitspr\u00fcfungen im Rahmen der UVS zum Bau der A 14, Magdeburg &#8211; Wittenberge &#8211; Schwerin, Froelich &amp; Sporbeck, Potsdam i.A. des Landesstra\u00dfenbauamtes Brandenburg und des Landesamtes f\u00fcr Stra\u00dfenbau Sachsen-Anhalt in 2003-2004<\/li>\n<\/ul>\n<\/div><\/section><\/p><\/div>\n","protected":false},"excerpt":{"rendered":"","protected":false},"author":1,"featured_media":0,"parent":0,"menu_order":0,"comment_status":"closed","ping_status":"closed","template":"","meta":{"_acf_changed":false,"footnotes":""},"class_list":["post-3492","page","type-page","status-publish","hentry"],"acf":[],"_links":{"self":[{"href":"https:\/\/www.weluga.de\/index.php\/wp-json\/wp\/v2\/pages\/3492","targetHints":{"allow":["GET"]}}],"collection":[{"href":"https:\/\/www.weluga.de\/index.php\/wp-json\/wp\/v2\/pages"}],"about":[{"href":"https:\/\/www.weluga.de\/index.php\/wp-json\/wp\/v2\/types\/page"}],"author":[{"embeddable":true,"href":"https:\/\/www.weluga.de\/index.php\/wp-json\/wp\/v2\/users\/1"}],"replies":[{"embeddable":true,"href":"https:\/\/www.weluga.de\/index.php\/wp-json\/wp\/v2\/comments?post=3492"}],"version-history":[{"count":1,"href":"https:\/\/www.weluga.de\/index.php\/wp-json\/wp\/v2\/pages\/3492\/revisions"}],"predecessor-version":[{"id":3493,"href":"https:\/\/www.weluga.de\/index.php\/wp-json\/wp\/v2\/pages\/3492\/revisions\/3493"}],"wp:attachment":[{"href":"https:\/\/www.weluga.de\/index.php\/wp-json\/wp\/v2\/media?parent=3492"}],"curies":[{"name":"wp","href":"https:\/\/api.w.org\/{rel}","templated":true}]}}