{"id":3433,"date":"2016-01-22T15:05:31","date_gmt":"2016-01-22T14:05:31","guid":{"rendered":"http:\/\/dev.weluga.de\/?page_id=3433"},"modified":"2016-01-22T15:16:47","modified_gmt":"2016-01-22T14:16:47","slug":"sonderuntersuchungen","status":"publish","type":"page","link":"https:\/\/www.weluga.de\/index.php\/arbeitsfelder\/sonderuntersuchungen","title":{"rendered":"Sonderuntersuchungen"},"content":{"rendered":"<\/div><\/div><\/div><!-- close content main div --><\/div><\/div><div id='bannertop' class='avia-section main_color avia-section-default avia-shadow av-parallax-section avia-bg-style-parallax   av-minimum-height av-minimum-height-custom container_wrap sidebar_right'  data-section-bg-repeat='repeat-x' ><div class='av-parallax' data-avia-parallax-ratio='0.3' ><div class='av-parallax-inner main_color ' style = 'background-repeat: repeat-x; background-image: url(https:\/\/www.weluga.de\/wp-content\/uploads\/2013\/04\/welugaheader2.jpg); background-attachment: scroll; background-position: top center; ' ><\/div><\/div><div class='container' style='height:150px'><div class='template-page content  av-content-small alpha units'><div class='post-entry post-entry-type-page post-entry-3433'><div class='entry-content-wrapper clearfix'><\/div><\/div><\/div><!-- close content main div --><\/div><\/div><div id='after_section_1' class='main_color container_wrap sidebar_right'   ><div class='container' ><div class='template-page content  av-content-small alpha units'><div class='post-entry post-entry-type-page post-entry-3433'><div class='entry-content-wrapper clearfix'>\n<div class=\"flex_column av_two_third  flex_column_div av-zero-column-padding first  \" style='border-radius:0px; '><p><div style='padding-bottom:10px;' class='av-special-heading av-special-heading-h1    '><h1 class='av-special-heading-tag'  itemprop=\"headline\"  >Sonder\u00adunter\u00adsuchungen<\/h1><div class='special-heading-border'><div class='special-heading-inner-border' ><\/div><\/div><\/div><br \/>\n<section class=\"av_textblock_section\"  itemscope=\"itemscope\" itemtype=\"https:\/\/schema.org\/CreativeWork\" ><div class='avia_textblock '   itemprop=\"text\" ><p>Zu unseren Leistungen geh\u00f6ren auch die Erhebung und Bewertung von faunistischen &amp; floristischen Daten f\u00fcr verschiedene Vorhaben und Fragestellungen. Wir bieten Ihnen Untersuchungen zu zahlreichen Artengruppen wie z.B. V\u00f6gel, S\u00e4ugetiere (u.a. Flederm\u00e4use &amp; Haselm\u00e4use), Amphibien, Reptilien, Heuschrecken, Schmetterlinge, Libellen, K\u00e4fer, Wasserorganismen, Farne oder Bl\u00fctenpflanzen.<\/p>\n<ul>\n<li>Faunistische Untersuchung (z.B. Brutvogelkartierung, Fledermausuntersuchung, Haselmauserfassung)<\/li>\n<li>Floristische \/ Vegetationskundliche Untersuchung<\/li>\n<li>Biotoptypenkartierung<\/li>\n<li>Erfassung von gesetzlich gesch\u00fctzten Biotopen<\/li>\n<li>Erfassung von FFH-Lebenraumtypen und Bewerten des Erhaltunszustandes<\/li>\n<li>Monitoring (z.B. Besiedlung neu gestalteter Lebensr\u00e4ume durch die Zauneidechse)<\/li>\n<li>Baumkontrolle \/ &#8211; Baumh\u00f6hlenkontrolle<\/li>\n<li>Geb\u00e4udekontrolle<\/li>\n<li>Horstbaumkartierung<\/li>\n<li>Umsiedlung von Reptilien<\/li>\n<li>Gew\u00e4sser\u00f6kologische Untersuchungen (Submersvegetation, Makrozoobenthos, Fachbeitr\u00e4ge zu Renaturierungsprojekten, Entw\u00e4sserungsplanungen und Gutachten f\u00fcr wasserrechtliche Genehmigungen)<\/li>\n<li>Untersuchungen zur Wasserrahmenrichtlinie (WRRL)<\/li>\n<li>Landschafts\u00f6kologischer Beitrag<\/li>\n<\/ul>\n<\/div><\/section><\/p><\/div><div class=\"flex_column av_one_third  flex_column_div av-zero-column-padding   \" style='border-radius:0px; '><div class='avia-gallery avia-gallery-1 deactivate_avia_lazyload avia_animate_when_visible  '  itemscope=\"itemscope\" itemtype=\"https:\/\/schema.org\/ImageObject\" ><div class='avia-gallery-thumb'> <a href='https:\/\/www.weluga.de\/wp-content\/uploads\/2016\/01\/IMG_0078-1030x773.jpg' data-rel='gallery-1' data-prev-img='https:\/\/www.weluga.de\/wp-content\/uploads\/2016\/01\/IMG_0078-495x400.jpg' class='first_thumb lightbox ' data-onclick='1' title=''  itemprop=\"contentURL\" ><img  src='https:\/\/www.weluga.de\/wp-content\/uploads\/2016\/01\/IMG_0078-495x400.jpg' width='495' height='400'  title='' alt='' \/><\/a> <a href='https:\/\/www.weluga.de\/wp-content\/uploads\/2016\/01\/IMG_0622-1030x687.jpg' data-rel='gallery-1' data-prev-img='https:\/\/www.weluga.de\/wp-content\/uploads\/2016\/01\/IMG_0622-495x400.jpg' class='first_thumb lightbox ' data-onclick='2' title=''  itemprop=\"contentURL\" ><img  src='https:\/\/www.weluga.de\/wp-content\/uploads\/2016\/01\/IMG_0622-495x400.jpg' width='495' height='400'  title='' alt='' \/><\/a> <a href='https:\/\/www.weluga.de\/wp-content\/uploads\/2016\/01\/IMG_0023-1030x773.jpg' data-rel='gallery-1' data-prev-img='https:\/\/www.weluga.de\/wp-content\/uploads\/2016\/01\/IMG_0023-495x400.jpg' class='first_thumb lightbox ' data-onclick='3' title=''  itemprop=\"contentURL\" ><img  src='https:\/\/www.weluga.de\/wp-content\/uploads\/2016\/01\/IMG_0023-495x400.jpg' width='495' height='400'  title='Haselmaus' alt='' \/><\/a><\/div><\/div><\/div><\/p>\n\t<div  class='av_promobox avia-button-yes  '>\t\t<div class='avia-promocontent'><p>\nUnter unseren Referenzen erhalten Sie einen \u00dcberblick \u00fcber unsere T\u00e4tigkeiten der letzten Jahre.<\/p>\n<\/div><div class='avia-button-wrap avia-button-right '><a href='https:\/\/www.weluga.de\/index.php\/referenzen' class='avia-button  avia-icon_select-no avia-color-theme-color avia-size-large avia-position-right '   ><span class='avia_iconbox_title' >Referenzen<\/span><\/a><\/div>\t<\/div>\n","protected":false},"excerpt":{"rendered":"","protected":false},"author":1,"featured_media":0,"parent":3361,"menu_order":3,"comment_status":"closed","ping_status":"closed","template":"","meta":{"_acf_changed":false,"footnotes":""},"class_list":["post-3433","page","type-page","status-publish","hentry"],"acf":[],"_links":{"self":[{"href":"https:\/\/www.weluga.de\/index.php\/wp-json\/wp\/v2\/pages\/3433","targetHints":{"allow":["GET"]}}],"collection":[{"href":"https:\/\/www.weluga.de\/index.php\/wp-json\/wp\/v2\/pages"}],"about":[{"href":"https:\/\/www.weluga.de\/index.php\/wp-json\/wp\/v2\/types\/page"}],"author":[{"embeddable":true,"href":"https:\/\/www.weluga.de\/index.php\/wp-json\/wp\/v2\/users\/1"}],"replies":[{"embeddable":true,"href":"https:\/\/www.weluga.de\/index.php\/wp-json\/wp\/v2\/comments?post=3433"}],"version-history":[{"count":9,"href":"https:\/\/www.weluga.de\/index.php\/wp-json\/wp\/v2\/pages\/3433\/revisions"}],"predecessor-version":[{"id":3445,"href":"https:\/\/www.weluga.de\/index.php\/wp-json\/wp\/v2\/pages\/3433\/revisions\/3445"}],"up":[{"embeddable":true,"href":"https:\/\/www.weluga.de\/index.php\/wp-json\/wp\/v2\/pages\/3361"}],"wp:attachment":[{"href":"https:\/\/www.weluga.de\/index.php\/wp-json\/wp\/v2\/media?parent=3433"}],"curies":[{"name":"wp","href":"https:\/\/api.w.org\/{rel}","templated":true}]}}