{"id":3413,"date":"2016-01-22T09:34:28","date_gmt":"2016-01-22T08:34:28","guid":{"rendered":"http:\/\/dev.weluga.de\/?page_id=3413"},"modified":"2016-01-22T15:17:47","modified_gmt":"2016-01-22T14:17:47","slug":"projektplanungen","status":"publish","type":"page","link":"https:\/\/www.weluga.de\/index.php\/arbeitsfelder\/projektplanungen","title":{"rendered":"Projektplanungen"},"content":{"rendered":"<\/div><\/div><\/div><!-- close content main div --><\/div><\/div><div id='bannertop' class='avia-section main_color avia-section-default avia-shadow av-parallax-section avia-bg-style-parallax   av-minimum-height av-minimum-height-custom container_wrap sidebar_right'  data-section-bg-repeat='repeat-x' ><div class='av-parallax' data-avia-parallax-ratio='0.3' ><div class='av-parallax-inner main_color ' style = 'background-repeat: repeat-x; background-image: url(https:\/\/www.weluga.de\/wp-content\/uploads\/2013\/04\/welugaheader2.jpg); background-attachment: scroll; background-position: top center; ' ><\/div><\/div><div class='container' style='height:150px'><div class='template-page content  av-content-small alpha units'><div class='post-entry post-entry-type-page post-entry-3413'><div class='entry-content-wrapper clearfix'><\/div><\/div><\/div><!-- close content main div --><\/div><\/div><div id='after_section_1' class='main_color container_wrap sidebar_right'   ><div class='container' ><div class='template-page content  av-content-small alpha units'><div class='post-entry post-entry-type-page post-entry-3413'><div class='entry-content-wrapper clearfix'>\n<div class=\"flex_column av_two_third  flex_column_div av-zero-column-padding first  \" style='border-radius:0px; '><p><div style='padding-bottom:10px;' class='av-special-heading av-special-heading-h1    '><h1 class='av-special-heading-tag'  itemprop=\"headline\"  >Projekt\u00adplanungen<\/h1><div class='special-heading-border'><div class='special-heading-inner-border' ><\/div><\/div><\/div><br \/>\n<section class=\"av_textblock_section\"  itemscope=\"itemscope\" itemtype=\"https:\/\/schema.org\/CreativeWork\" ><div class='avia_textblock '   itemprop=\"text\" ><p>F\u00fcr die Planung Ihres Projekts in unterschiedlichen Bereichen (z.B. im Stra\u00dfenbau, bei Schienenwegen, Ver- und Entsorgungsleitungen, Flughafenbau, Wasserstra\u00dfen, Wohn- und Gewerbebebauung oder erneuerbare Energien) bieten wir Ihnen verschiedene Leistungen an:<\/p>\n<ul>\n<li>\u00a0FFH-Vertr\u00e4glichkeitspr\u00fcfung (FFH-VP, FFH-HP)<\/li>\n<li>\u00a0Artenschutzgutachten (ASP &#8211; Vorpr\u00fcfung, Hauptpr\u00fcfung)<\/li>\n<li>\u00a0Umweltvertr\u00e4glichkeitsuntersuchung \/ -studie (UVU\/UVS)<\/li>\n<li>\u00a0Einzelfallpr\u00fcfung<\/li>\n<li>\u00a0Bauleitplanung<\/li>\n<li>\u00a0Umweltbericht<\/li>\n<li>\u00a0Landschaftspflegerischer Begleitplan (LBP)<\/li>\n<li>\u00a0Landschaftsbildbewertung<\/li>\n<li>\u00a0Gew\u00e4sserplanung<\/li>\n<\/ul>\n<\/div><\/section><\/p><\/div><div class=\"flex_column av_one_third  flex_column_div av-zero-column-padding   \" style='border-radius:0px; '><div class='avia-gallery avia-gallery-1 deactivate_avia_lazyload avia_animate_when_visible  '  itemscope=\"itemscope\" itemtype=\"https:\/\/schema.org\/ImageObject\" ><div class='avia-gallery-thumb'> <a href='https:\/\/www.weluga.de\/wp-content\/uploads\/2016\/01\/DSCN5794-1030x624.jpg' data-rel='gallery-1' data-prev-img='https:\/\/www.weluga.de\/wp-content\/uploads\/2016\/01\/DSCN5794-495x400.jpg' class='first_thumb lightbox ' data-onclick='1' title=''  itemprop=\"contentURL\" ><img  src='https:\/\/www.weluga.de\/wp-content\/uploads\/2016\/01\/DSCN5794-495x400.jpg' width='495' height='400'  title='' alt='' \/><\/a> <a href='https:\/\/www.weluga.de\/wp-content\/uploads\/2016\/01\/IMG_0081000.jpg' data-rel='gallery-1' data-prev-img='https:\/\/www.weluga.de\/wp-content\/uploads\/2016\/01\/IMG_0081000-495x400.jpg' class='first_thumb lightbox ' data-onclick='2' title=''  itemprop=\"contentURL\" ><img  src='https:\/\/www.weluga.de\/wp-content\/uploads\/2016\/01\/IMG_0081000-495x400.jpg' width='495' height='400'  title='' alt='' \/><\/a> <a href='https:\/\/www.weluga.de\/wp-content\/uploads\/2016\/01\/IMG_0081-1030x622.jpg' data-rel='gallery-1' data-prev-img='https:\/\/www.weluga.de\/wp-content\/uploads\/2016\/01\/IMG_0081-495x400.jpg' class='first_thumb lightbox ' data-onclick='3' title=''  itemprop=\"contentURL\" ><img  src='https:\/\/www.weluga.de\/wp-content\/uploads\/2016\/01\/IMG_0081-495x400.jpg' width='495' height='400'  title='' alt='' \/><\/a><\/div><\/div><\/div><\/p>\n\t<div  class='av_promobox avia-button-yes  '>\t\t<div class='avia-promocontent'><p>\nUnter unseren Referenzen erhalten Sie einen \u00dcberblick \u00fcber unsere T\u00e4tigkeiten der letzten Jahre.<\/p>\n<\/div><div class='avia-button-wrap avia-button-right '><a href='https:\/\/www.weluga.de\/index.php\/referenzen' class='avia-button  avia-icon_select-no avia-color-theme-color avia-size-large avia-position-right '   ><span class='avia_iconbox_title' >Referenzen<\/span><\/a><\/div>\t<\/div>\n","protected":false},"excerpt":{"rendered":"","protected":false},"author":1,"featured_media":0,"parent":3361,"menu_order":1,"comment_status":"closed","ping_status":"closed","template":"","meta":{"_acf_changed":false,"footnotes":""},"class_list":["post-3413","page","type-page","status-publish","hentry"],"acf":[],"_links":{"self":[{"href":"https:\/\/www.weluga.de\/index.php\/wp-json\/wp\/v2\/pages\/3413","targetHints":{"allow":["GET"]}}],"collection":[{"href":"https:\/\/www.weluga.de\/index.php\/wp-json\/wp\/v2\/pages"}],"about":[{"href":"https:\/\/www.weluga.de\/index.php\/wp-json\/wp\/v2\/types\/page"}],"author":[{"embeddable":true,"href":"https:\/\/www.weluga.de\/index.php\/wp-json\/wp\/v2\/users\/1"}],"replies":[{"embeddable":true,"href":"https:\/\/www.weluga.de\/index.php\/wp-json\/wp\/v2\/comments?post=3413"}],"version-history":[{"count":7,"href":"https:\/\/www.weluga.de\/index.php\/wp-json\/wp\/v2\/pages\/3413\/revisions"}],"predecessor-version":[{"id":3446,"href":"https:\/\/www.weluga.de\/index.php\/wp-json\/wp\/v2\/pages\/3413\/revisions\/3446"}],"up":[{"embeddable":true,"href":"https:\/\/www.weluga.de\/index.php\/wp-json\/wp\/v2\/pages\/3361"}],"wp:attachment":[{"href":"https:\/\/www.weluga.de\/index.php\/wp-json\/wp\/v2\/media?parent=3413"}],"curies":[{"name":"wp","href":"https:\/\/api.w.org\/{rel}","templated":true}]}}